{"id":62,"date":"2015-09-18T11:45:35","date_gmt":"2015-09-18T10:45:35","guid":{"rendered":"http:\/\/cargo.omnicom-dev.com\/transport-company\/?page_id=62"},"modified":"2019-03-02T00:51:38","modified_gmt":"2019-03-01T23:51:38","slug":"contact","status":"publish","type":"page","link":"https:\/\/varillon.com\/?page_id=62","title":{"rendered":"Contact"},"content":{"rendered":"<div class=\"bt_rc_container\"><section id=\"bt_section69fcbb83a5559\" data-parallax=\"0.1\" data-parallax-offset=\"0\" class=\"boldSection topExtraSpaced bottomSpaced btDarkSkin gutter inherit btParallax wBackground cover\" style=\"background-image:url('https:\/\/varillon.com\/wp-content\/uploads\/2015\/09\/Delivery-Express.jpg');\"><div class=\"port\"><div class=\"boldCell\"><div class=\"boldCellInner\"><div class=\"boldRow \" ><div class=\"rowItem col-md-12 col-ms-12  btTextLeft animate animate-fadein animate-moveleft inherit\"  ><div class=\"rowItemContent\"><header class=\"header btClear extralarge btDash topDash  btAccentDash btRegularTitle\" ><p class=\"btSuperTitle\">Une question,un devis<\/p><div class=\"dash\"><h1><span class=\"headline\">Contactez-nous<\/span><\/h1><\/div><\/header><\/div><\/div><\/div><\/div><\/div><\/div><\/section><section id=\"bt_section69fcbb83a672b\"  class=\"boldSection topSpaced bottomSemiSpaced gutter inherit\" ><div class=\"port\"><div class=\"boldCell\"><div class=\"boldCellInner\"><div class=\"boldRow \" ><div class=\"rowItem col-sm-4 col-ms-12 btTextLeft btTopVertical btDoublePadding\"  ><div class=\"rowItemContent\"><div class=\"servicesItem  mediumIcon accentIconType \"><div class=\"sIcon\"><div class=\"btIco medium accent\"><span  data-ico-s7=\"&#xe637;\" class=\"btIcoHolder\"><\/span><\/div><\/div><div class=\"sTxt\"><header class=\"header btClear extrasmall\" ><div class=\"dash\"><h4><span class=\"headline\">ADRESSE<\/span><\/h4><\/div><\/header><p>258 Rue Alfrred Nobel,\r<br>27000,EVREUX<br><\/p><\/div><\/div><div class=\"btClear btSeparator bottomSmallSpaced noBorder\" ><hr><\/div><\/div><\/div><div class=\"rowItem col-sm-4 col-ms-12 btTextLeft btTopVertical btDoublePadding\"  ><div class=\"rowItemContent\"><div class=\"servicesItem  mediumIcon accentIconType \"><div class=\"sIcon\"><div class=\"btIco medium accent\"><span  data-ico-s7=\"&#xe627;\" class=\"btIcoHolder\"><\/span><\/div><\/div><div class=\"sTxt\"><header class=\"header btClear extrasmall\" ><div class=\"dash\"><h4><span class=\"headline\">TEL :<\/span><\/h4><\/div><\/header><p>02 32 29 66 66\r\n<br><\/p><\/div><\/div><div class=\"btClear btSeparator bottomSmallSpaced noBorder\" ><hr><\/div><\/div><\/div><div class=\"rowItem col-sm-4 col-ms-12 btTextLeft btTopVertical btDoublePadding\"  ><div class=\"rowItemContent\"><div class=\"servicesItem  mediumIcon accentIconType \"><div class=\"sIcon\"><div class=\"btIco medium accent\"><span  data-ico-s7=\"&#xe639;\" class=\"btIcoHolder\"><\/span><\/div><\/div><div class=\"sTxt\"><header class=\"header btClear extrasmall\" ><div class=\"dash\"><h4><span class=\"headline\">EMAIL<\/span><\/h4><\/div><\/header><p>contact@varillon.com\r\n<br><\/p><\/div><\/div><div class=\"btClear btSeparator bottomSmallSpaced noBorder\" ><hr><\/div><\/div><\/div><\/div><\/div><\/div><\/div><\/section><section id=\"bt_section69fcbb83a74fb\"  class=\"boldSection btDivider inherit\" ><div class=\"port\"><div class=\"boldCell\"><div class=\"boldCellInner\"><div class=\"boldRow \" ><div class=\"rowItem col-md-12 col-ms-12  btTextLeft inherit btNoPadding\"  ><div class=\"rowItemContent\">\r\n\t\t<div class=\"btGoogleMapsWrapper\"><div id=\"map_canvas69fcbb83a83c9\" style=\"height:600px;;\" class=\"btGoogleMap\"><\/div><\/div>\r\n\t\t<script type=\"text\/javascript\">\r\n\t\t\tjQuery( document ).ready(function() {\r\n\t\t\t\tbt_gmap_init( map_canvas69fcbb83a83c9, 40.7144678, -74.015827, 13, \"https:\/\/varillon.com\/wp-content\/uploads\/2015\/09\/pin-orange.png\", \"#7d90a1\", \"#4d6b7c\", \"#f1f1f1\", \"W3siZmVhdHVyZVR5cGUiOiJsYW5kc2NhcGUiLCJzdHlsZXJzIjpbeyJzYXR1cmF0aW9uIjotMTAwfSx7ImxpZ2h0bmVzcyI6NjV9LHsidmlzaWJpbGl0eSI6Im9uIn1dfSx7ImZlYXR1cmVUeXBlIjoicG9pIiwic3R5bGVycyI6W3sic2F0dXJhdGlvbiI6LTEwMH0seyJsaWdodG5lc3MiOjUxfSx7InZpc2liaWxpdHkiOiJzaW1wbGlmaWVkIn1dfSx7ImZlYXR1cmVUeXBlIjoicm9hZC5oaWdod2F5Iiwic3R5bGVycyI6W3sic2F0dXJhdGlvbiI6LTEwMH0seyJ2aXNpYmlsaXR5Ijoic2ltcGxpZmllZCJ9XX0seyJmZWF0dXJlVHlwZSI6InJvYWQuYXJ0ZXJpYWwiLCJzdHlsZXJzIjpbeyJzYXR1cmF0aW9uIjotMTAwfSx7ImxpZ2h0bmVzcyI6MzB9LHsidmlzaWJpbGl0eSI6Im9uIn1dfSx7ImZlYXR1cmVUeXBlIjoicm9hZC5sb2NhbCIsInN0eWxlcnMiOlt7InNhdHVyYXRpb24iOi0xMDB9LHsibGlnaHRuZXNzIjo0MH0seyJ2aXNpYmlsaXR5Ijoib24ifV19LHsiZmVhdHVyZVR5cGUiOiJ0cmFuc2l0Iiwic3R5bGVycyI6W3sic2F0dXJhdGlvbiI6LTEwMH0seyJ2aXNpYmlsaXR5Ijoic2ltcGxpZmllZCJ9XX0seyJmZWF0dXJlVHlwZSI6ImFkbWluaXN0cmF0aXZlLnByb3ZpbmNlIiwic3R5bGVycyI6W3sidmlzaWJpbGl0eSI6Im9mZiJ9XX0seyJmZWF0dXJlVHlwZSI6IndhdGVyIiwiZWxlbWVudFR5cGUiOiJsYWJlbHMiLCJzdHlsZXJzIjpbeyJ2aXNpYmlsaXR5Ijoib24ifSx7ImxpZ2h0bmVzcyI6LTI1fSx7InNhdHVyYXRpb24iOi0xMDB9XX0seyJmZWF0dXJlVHlwZSI6IndhdGVyIiwiZWxlbWVudFR5cGUiOiJnZW9tZXRyeSIsInN0eWxlcnMiOlt7Imh1ZSI6IiNmZmZmMDAifSx7ImxpZ2h0bmVzcyI6LTI1fSx7InNhdHVyYXRpb24iOi05N31dfV0=\" );\r\n\t\t\t\t});\t\r\n\t\t<\/script>\r\n\t\t<\/div><\/div><\/div><\/div><\/div><\/div><\/section><section id=\"bt_section69fcbb83a89b8\"  class=\"boldSection topSpaced bottomSpaced gutter inherit\" ><div class=\"port\"><div class=\"boldCell\"><div class=\"boldCellInner\"><div class=\"boldRow \" ><div class=\"rowItem col-md-12 col-ms-12  btTextCenter animate animate-fadein animate-moveright btMiddleVertical btDoublePadding\"  ><div class=\"rowItemContent\"><div class=\"btClear btSeparator bottomSpaced noBorder\" ><hr><\/div><div class=\"bpgPhoto btTextCenter\" ><div class=\"btImage\"><img decoding=\"async\" src=\"https:\/\/varillon.com\/wp-content\/uploads\/2015\/09\/truck-vignette-gray.png\" alt=\"truck-vignette-gray.png\"><\/div><\/div><div class=\"btClear btSeparator bottomSpaced noBorder\" ><hr><\/div><\/div><\/div><\/div><div class=\"boldRow \" style=\"max-width:800px; margin:auto;\"><div class=\"rowItem col-md-12 col-ms-12  btTextCenter inherit btDoublePadding\" style=\"max-width:800px\" ><div class=\"rowItemContent\"><header class=\"header btClear medium btDash bottomDash  btAlternateDash btAlternateTitle\" ><div class=\"dash\"><h3><span class=\"headline\">Envoyez un email<\/span><\/h3><\/div><p class=\"btSubTitle\">Votre adresse email ne sera pas publi\u00e9e. les champs requis sont indiqu\u00e9s *<\/p><\/header><div class=\"btClear btSeparator topSemiSpaced noBorder\" ><hr><\/div>\n<div class=\"wpcf7 no-js\" id=\"wpcf7-f507-o1\" lang=\"en-US\" dir=\"ltr\" data-wpcf7-id=\"507\">\n<div class=\"screen-reader-response\"><p role=\"status\" aria-live=\"polite\" aria-atomic=\"true\"><\/p> <ul><\/ul><\/div>\n<form action=\"\/index.php?rest_route=%2Fwp%2Fv2%2Fpages%2F62#wpcf7-f507-o1\" method=\"post\" class=\"wpcf7-form init\" aria-label=\"Contact form\" novalidate=\"novalidate\" data-status=\"init\">\n<div style=\"display: none;\">\n<input type=\"hidden\" name=\"_wpcf7\" value=\"507\" \/>\n<input type=\"hidden\" name=\"_wpcf7_version\" value=\"6.0.6\" \/>\n<input type=\"hidden\" name=\"_wpcf7_locale\" value=\"en_US\" \/>\n<input type=\"hidden\" name=\"_wpcf7_unit_tag\" value=\"wpcf7-f507-o1\" \/>\n<input type=\"hidden\" name=\"_wpcf7_container_post\" value=\"0\" \/>\n<input type=\"hidden\" name=\"_wpcf7_posted_data_hash\" value=\"\" \/>\n<\/div>\n<p>Nom Pr\u00e9nom (obligatoire)\n<\/p>\n<p><span class=\"wpcf7-form-control-wrap\" data-name=\"your-name\"><input size=\"40\" maxlength=\"400\" class=\"wpcf7-form-control wpcf7-text wpcf7-validates-as-required\" aria-required=\"true\" aria-invalid=\"false\" value=\"\" type=\"text\" name=\"your-name\" \/><\/span>\n<\/p>\n<p> Email (obligatoire)\n<\/p>\n<p><span class=\"wpcf7-form-control-wrap\" data-name=\"your-email\"><input size=\"40\" maxlength=\"400\" class=\"wpcf7-form-control wpcf7-email wpcf7-validates-as-required wpcf7-text wpcf7-validates-as-email\" aria-required=\"true\" aria-invalid=\"false\" value=\"\" type=\"email\" name=\"your-email\" \/><\/span>\n<\/p>\n<p>Sujet\n<\/p>\n<p><span class=\"wpcf7-form-control-wrap\" data-name=\"your-subject\"><input size=\"40\" maxlength=\"400\" class=\"wpcf7-form-control wpcf7-text\" aria-invalid=\"false\" value=\"\" type=\"text\" name=\"your-subject\" \/><\/span>\n<\/p>\n<p>Votre Message\n<\/p>\n<p><span class=\"wpcf7-form-control-wrap\" data-name=\"your-message\"><textarea cols=\"40\" rows=\"10\" maxlength=\"2000\" class=\"wpcf7-form-control wpcf7-textarea\" aria-invalid=\"false\" name=\"your-message\"><\/textarea><\/span>\n<\/p>\n<p><input class=\"wpcf7-form-control wpcf7-submit has-spinner\" type=\"submit\" value=\"Envoyer\" \/>\n<\/p><p style=\"display: none !important;\" class=\"akismet-fields-container\" data-prefix=\"_wpcf7_ak_\"><label>&#916;<textarea name=\"_wpcf7_ak_hp_textarea\" cols=\"45\" rows=\"8\" maxlength=\"100\"><\/textarea><\/label><input type=\"hidden\" id=\"ak_js_1\" name=\"_wpcf7_ak_js\" value=\"224\"\/><script>document.getElementById( \"ak_js_1\" ).setAttribute( \"value\", ( new Date() ).getTime() );<\/script><\/p><div class=\"wpcf7-response-output\" aria-hidden=\"true\"><\/div>\n<\/form>\n<\/div>\n<\/div><\/div><\/div><\/div><\/div><\/div><\/section><\/div>","protected":false},"excerpt":{"rendered":"Une question,un devisContactez-nousADRESSE258 Rue Alfrred Nobel, 27000,EVREUXTEL :02 32 29 66 66 EMAILcontact@varillon.com Envoyez un emailVotre adresse email ne sera pas publi\u00e9e. les champs requis sont indiqu\u00e9s * Nom Pr\u00e9nom (obligatoire) Email (obligatoire) Sujet Votre Message &#916;","protected":false},"author":1,"featured_media":0,"parent":58,"menu_order":0,"comment_status":"closed","ping_status":"closed","template":"","meta":{"footnotes":""},"class_list":["post-62","page","type-page","status-publish","hentry"],"yoast_head":"<!-- This site is optimized with the Yoast SEO plugin v25.1 - https:\/\/yoast.com\/wordpress\/plugins\/seo\/ -->\n<title>Contact | Varillon<\/title>\n<meta name=\"robots\" content=\"index, follow, max-snippet:-1, max-image-preview:large, max-video-preview:-1\" \/>\n<link rel=\"canonical\" href=\"https:\/\/varillon.com\/?page_id=62\" \/>\n<meta property=\"og:locale\" content=\"fr_FR\" \/>\n<meta property=\"og:type\" content=\"article\" \/>\n<meta property=\"og:title\" content=\"Contact | Varillon\" \/>\n<meta property=\"og:url\" content=\"https:\/\/varillon.com\/?page_id=62\" \/>\n<meta property=\"og:site_name\" content=\"Varillon\" \/>\n<meta property=\"article:modified_time\" content=\"2019-03-01T23:51:38+00:00\" \/>\n<meta name=\"twitter:card\" content=\"summary_large_image\" \/>\n<meta name=\"twitter:label1\" content=\"Dur\u00e9e de lecture estim\u00e9e\" \/>\n\t<meta name=\"twitter:data1\" content=\"4 minutes\" \/>\n<script type=\"application\/ld+json\" class=\"yoast-schema-graph\">{\"@context\":\"https:\/\/schema.org\",\"@graph\":[{\"@type\":\"WebPage\",\"@id\":\"https:\/\/varillon.com\/?page_id=62\",\"url\":\"https:\/\/varillon.com\/?page_id=62\",\"name\":\"Contact | Varillon\",\"isPartOf\":{\"@id\":\"https:\/\/varillon.com\/#website\"},\"datePublished\":\"2015-09-18T10:45:35+00:00\",\"dateModified\":\"2019-03-01T23:51:38+00:00\",\"breadcrumb\":{\"@id\":\"https:\/\/varillon.com\/?page_id=62#breadcrumb\"},\"inLanguage\":\"fr-FR\",\"potentialAction\":[{\"@type\":\"ReadAction\",\"target\":[\"https:\/\/varillon.com\/?page_id=62\"]}]},{\"@type\":\"BreadcrumbList\",\"@id\":\"https:\/\/varillon.com\/?page_id=62#breadcrumb\",\"itemListElement\":[{\"@type\":\"ListItem\",\"position\":1,\"name\":\"Accueil\",\"item\":\"https:\/\/varillon.com\/\"},{\"@type\":\"ListItem\",\"position\":2,\"name\":\"Messagerie\",\"item\":\"https:\/\/varillon.com\/?page_id=58\"},{\"@type\":\"ListItem\",\"position\":3,\"name\":\"Contact\"}]},{\"@type\":\"WebSite\",\"@id\":\"https:\/\/varillon.com\/#website\",\"url\":\"https:\/\/varillon.com\/\",\"name\":\"Varillon\",\"description\":\"UN PARTENAIRE TRANSPORT DIVERSIFIE\",\"potentialAction\":[{\"@type\":\"SearchAction\",\"target\":{\"@type\":\"EntryPoint\",\"urlTemplate\":\"https:\/\/varillon.com\/?s={search_term_string}\"},\"query-input\":{\"@type\":\"PropertyValueSpecification\",\"valueRequired\":true,\"valueName\":\"search_term_string\"}}],\"inLanguage\":\"fr-FR\"}]}<\/script>\n<!-- \/ Yoast SEO plugin. -->","yoast_head_json":{"title":"Contact | Varillon","robots":{"index":"index","follow":"follow","max-snippet":"max-snippet:-1","max-image-preview":"max-image-preview:large","max-video-preview":"max-video-preview:-1"},"canonical":"https:\/\/varillon.com\/?page_id=62","og_locale":"fr_FR","og_type":"article","og_title":"Contact | Varillon","og_url":"https:\/\/varillon.com\/?page_id=62","og_site_name":"Varillon","article_modified_time":"2019-03-01T23:51:38+00:00","twitter_card":"summary_large_image","twitter_misc":{"Dur\u00e9e de lecture estim\u00e9e":"4 minutes"},"schema":{"@context":"https:\/\/schema.org","@graph":[{"@type":"WebPage","@id":"https:\/\/varillon.com\/?page_id=62","url":"https:\/\/varillon.com\/?page_id=62","name":"Contact | Varillon","isPartOf":{"@id":"https:\/\/varillon.com\/#website"},"datePublished":"2015-09-18T10:45:35+00:00","dateModified":"2019-03-01T23:51:38+00:00","breadcrumb":{"@id":"https:\/\/varillon.com\/?page_id=62#breadcrumb"},"inLanguage":"fr-FR","potentialAction":[{"@type":"ReadAction","target":["https:\/\/varillon.com\/?page_id=62"]}]},{"@type":"BreadcrumbList","@id":"https:\/\/varillon.com\/?page_id=62#breadcrumb","itemListElement":[{"@type":"ListItem","position":1,"name":"Accueil","item":"https:\/\/varillon.com\/"},{"@type":"ListItem","position":2,"name":"Messagerie","item":"https:\/\/varillon.com\/?page_id=58"},{"@type":"ListItem","position":3,"name":"Contact"}]},{"@type":"WebSite","@id":"https:\/\/varillon.com\/#website","url":"https:\/\/varillon.com\/","name":"Varillon","description":"UN PARTENAIRE TRANSPORT DIVERSIFIE","potentialAction":[{"@type":"SearchAction","target":{"@type":"EntryPoint","urlTemplate":"https:\/\/varillon.com\/?s={search_term_string}"},"query-input":{"@type":"PropertyValueSpecification","valueRequired":true,"valueName":"search_term_string"}}],"inLanguage":"fr-FR"}]}},"_links":{"self":[{"href":"https:\/\/varillon.com\/index.php?rest_route=\/wp\/v2\/pages\/62","targetHints":{"allow":["GET"]}}],"collection":[{"href":"https:\/\/varillon.com\/index.php?rest_route=\/wp\/v2\/pages"}],"about":[{"href":"https:\/\/varillon.com\/index.php?rest_route=\/wp\/v2\/types\/page"}],"author":[{"embeddable":true,"href":"https:\/\/varillon.com\/index.php?rest_route=\/wp\/v2\/users\/1"}],"replies":[{"embeddable":true,"href":"https:\/\/varillon.com\/index.php?rest_route=%2Fwp%2Fv2%2Fcomments&post=62"}],"version-history":[{"count":3,"href":"https:\/\/varillon.com\/index.php?rest_route=\/wp\/v2\/pages\/62\/revisions"}],"predecessor-version":[{"id":1627,"href":"https:\/\/varillon.com\/index.php?rest_route=\/wp\/v2\/pages\/62\/revisions\/1627"}],"up":[{"embeddable":true,"href":"https:\/\/varillon.com\/index.php?rest_route=\/wp\/v2\/pages\/58"}],"wp:attachment":[{"href":"https:\/\/varillon.com\/index.php?rest_route=%2Fwp%2Fv2%2Fmedia&parent=62"}],"curies":[{"name":"wp","href":"https:\/\/api.w.org\/{rel}","templated":true}]}}