{"id":1808,"date":"2021-07-10T22:57:05","date_gmt":"2021-07-10T20:57:05","guid":{"rendered":"http:\/\/varillon.com\/?page_id=1808"},"modified":"2021-07-10T22:57:05","modified_gmt":"2021-07-10T20:57:05","slug":"index-egalite-homme-femme","status":"publish","type":"page","link":"https:\/\/varillon.com\/?page_id=1808","title":{"rendered":"Index \u00c9galit\u00e9 homme femme"},"content":{"rendered":"<div class=\"bt_rc_container\"><p><strong><em><u>\u00ab Index \u00c9galit\u00e9 homme femme<\/u><\/em><\/strong><\/p>\n<p><em>Conform\u00e9ment \u00e0 la l\u00e9gislation, notre soci\u00e9t\u00e9 n\u2019est pas en mesure de fournir une note au titre de l\u2019ann\u00e9e 2020, notre index \u00e9tant incalculable.<\/em><\/p>\n<p><em>Cet index est calcul\u00e9 sur les th\u00e9matiques suivantes\u00a0:<\/em><\/p>\n<p><em>R\u00e9mun\u00e9rations, augmentations, cong\u00e9s maternit\u00e9 et parit\u00e9 du top management.<\/em><\/p>\n<p><em><u>Ci-dessous le d\u00e9tail de ces indicateurs<\/u>\u00a0:<\/em><\/p>\n<p><em>\u00c9cart de r\u00e9mun\u00e9ration entre les hommes et les femmes : incalculable<\/em><\/p>\n<p><em>\u00c9cart d\u2019augmentation entre les hommes et les femmes : 25\/35<\/em><\/p>\n<p><em>Pourcentage des salari\u00e9es augment\u00e9es dans l\u2019ann\u00e9e suivant leur retour de cong\u00e9s maternit\u00e9\u00a0: incalculable<\/em><\/p>\n<p><em>Nombre de salari\u00e9s du sexe sous-repr\u00e9sent\u00e9s parmi les 10 plus hautes r\u00e9mun\u00e9rations\u00a0: 5\/10\u00a0\u00bb<\/em><\/p>\n<\/div>","protected":false},"excerpt":{"rendered":"<p>\u00ab Index \u00c9galit\u00e9 homme femme Conform\u00e9ment \u00e0 la l\u00e9gislation, notre soci\u00e9t\u00e9 n\u2019est pas en mesure de fournir une note au titre de l\u2019ann\u00e9e 2020, notre index \u00e9tant incalculable. Cet index est calcul\u00e9 sur les th\u00e9matiques suivantes\u00a0: R\u00e9mun\u00e9rations, augmentations, cong\u00e9s maternit\u00e9 et parit\u00e9 du top management. Ci-dessous le d\u00e9tail de ces indicateurs\u00a0: \u00c9cart de r\u00e9mun\u00e9ration entre [&hellip;]<\/p>\n","protected":false},"author":1,"featured_media":0,"parent":0,"menu_order":0,"comment_status":"closed","ping_status":"closed","template":"","meta":{"footnotes":""},"class_list":["post-1808","page","type-page","status-publish","hentry"],"yoast_head":"<!-- This site is optimized with the Yoast SEO plugin v25.1 - https:\/\/yoast.com\/wordpress\/plugins\/seo\/ -->\n<title>Index \u00c9galit\u00e9 homme femme | Varillon<\/title>\n<meta name=\"robots\" content=\"index, follow, max-snippet:-1, max-image-preview:large, max-video-preview:-1\" \/>\n<link rel=\"canonical\" href=\"https:\/\/varillon.com\/?page_id=1808\" \/>\n<meta property=\"og:locale\" content=\"fr_FR\" \/>\n<meta property=\"og:type\" content=\"article\" \/>\n<meta property=\"og:title\" content=\"Index \u00c9galit\u00e9 homme femme | Varillon\" \/>\n<meta property=\"og:description\" content=\"\u00ab Index \u00c9galit\u00e9 homme femme Conform\u00e9ment \u00e0 la l\u00e9gislation, notre soci\u00e9t\u00e9 n\u2019est pas en mesure de fournir une note au titre de l\u2019ann\u00e9e 2020, notre index \u00e9tant incalculable. Cet index est calcul\u00e9 sur les th\u00e9matiques suivantes\u00a0: R\u00e9mun\u00e9rations, augmentations, cong\u00e9s maternit\u00e9 et parit\u00e9 du top management. Ci-dessous le d\u00e9tail de ces indicateurs\u00a0: \u00c9cart de r\u00e9mun\u00e9ration entre [&hellip;]\" \/>\n<meta property=\"og:url\" content=\"https:\/\/varillon.com\/?page_id=1808\" \/>\n<meta property=\"og:site_name\" content=\"Varillon\" \/>\n<meta name=\"twitter:card\" content=\"summary_large_image\" \/>\n<meta name=\"twitter:label1\" content=\"Dur\u00e9e de lecture estim\u00e9e\" \/>\n\t<meta name=\"twitter:data1\" content=\"1 minute\" \/>\n<script type=\"application\/ld+json\" class=\"yoast-schema-graph\">{\"@context\":\"https:\/\/schema.org\",\"@graph\":[{\"@type\":\"WebPage\",\"@id\":\"https:\/\/varillon.com\/?page_id=1808\",\"url\":\"https:\/\/varillon.com\/?page_id=1808\",\"name\":\"Index \u00c9galit\u00e9 homme femme | Varillon\",\"isPartOf\":{\"@id\":\"https:\/\/varillon.com\/#website\"},\"datePublished\":\"2021-07-10T20:57:05+00:00\",\"breadcrumb\":{\"@id\":\"https:\/\/varillon.com\/?page_id=1808#breadcrumb\"},\"inLanguage\":\"fr-FR\",\"potentialAction\":[{\"@type\":\"ReadAction\",\"target\":[\"https:\/\/varillon.com\/?page_id=1808\"]}]},{\"@type\":\"BreadcrumbList\",\"@id\":\"https:\/\/varillon.com\/?page_id=1808#breadcrumb\",\"itemListElement\":[{\"@type\":\"ListItem\",\"position\":1,\"name\":\"Accueil\",\"item\":\"https:\/\/varillon.com\/\"},{\"@type\":\"ListItem\",\"position\":2,\"name\":\"Index \u00c9galit\u00e9 homme femme\"}]},{\"@type\":\"WebSite\",\"@id\":\"https:\/\/varillon.com\/#website\",\"url\":\"https:\/\/varillon.com\/\",\"name\":\"Varillon\",\"description\":\"UN PARTENAIRE TRANSPORT DIVERSIFIE\",\"potentialAction\":[{\"@type\":\"SearchAction\",\"target\":{\"@type\":\"EntryPoint\",\"urlTemplate\":\"https:\/\/varillon.com\/?s={search_term_string}\"},\"query-input\":{\"@type\":\"PropertyValueSpecification\",\"valueRequired\":true,\"valueName\":\"search_term_string\"}}],\"inLanguage\":\"fr-FR\"}]}<\/script>\n<!-- \/ Yoast SEO plugin. -->","yoast_head_json":{"title":"Index \u00c9galit\u00e9 homme femme | Varillon","robots":{"index":"index","follow":"follow","max-snippet":"max-snippet:-1","max-image-preview":"max-image-preview:large","max-video-preview":"max-video-preview:-1"},"canonical":"https:\/\/varillon.com\/?page_id=1808","og_locale":"fr_FR","og_type":"article","og_title":"Index \u00c9galit\u00e9 homme femme | Varillon","og_description":"\u00ab Index \u00c9galit\u00e9 homme femme Conform\u00e9ment \u00e0 la l\u00e9gislation, notre soci\u00e9t\u00e9 n\u2019est pas en mesure de fournir une note au titre de l\u2019ann\u00e9e 2020, notre index \u00e9tant incalculable. Cet index est calcul\u00e9 sur les th\u00e9matiques suivantes\u00a0: R\u00e9mun\u00e9rations, augmentations, cong\u00e9s maternit\u00e9 et parit\u00e9 du top management. Ci-dessous le d\u00e9tail de ces indicateurs\u00a0: \u00c9cart de r\u00e9mun\u00e9ration entre [&hellip;]","og_url":"https:\/\/varillon.com\/?page_id=1808","og_site_name":"Varillon","twitter_card":"summary_large_image","twitter_misc":{"Dur\u00e9e de lecture estim\u00e9e":"1 minute"},"schema":{"@context":"https:\/\/schema.org","@graph":[{"@type":"WebPage","@id":"https:\/\/varillon.com\/?page_id=1808","url":"https:\/\/varillon.com\/?page_id=1808","name":"Index \u00c9galit\u00e9 homme femme | Varillon","isPartOf":{"@id":"https:\/\/varillon.com\/#website"},"datePublished":"2021-07-10T20:57:05+00:00","breadcrumb":{"@id":"https:\/\/varillon.com\/?page_id=1808#breadcrumb"},"inLanguage":"fr-FR","potentialAction":[{"@type":"ReadAction","target":["https:\/\/varillon.com\/?page_id=1808"]}]},{"@type":"BreadcrumbList","@id":"https:\/\/varillon.com\/?page_id=1808#breadcrumb","itemListElement":[{"@type":"ListItem","position":1,"name":"Accueil","item":"https:\/\/varillon.com\/"},{"@type":"ListItem","position":2,"name":"Index \u00c9galit\u00e9 homme femme"}]},{"@type":"WebSite","@id":"https:\/\/varillon.com\/#website","url":"https:\/\/varillon.com\/","name":"Varillon","description":"UN PARTENAIRE TRANSPORT DIVERSIFIE","potentialAction":[{"@type":"SearchAction","target":{"@type":"EntryPoint","urlTemplate":"https:\/\/varillon.com\/?s={search_term_string}"},"query-input":{"@type":"PropertyValueSpecification","valueRequired":true,"valueName":"search_term_string"}}],"inLanguage":"fr-FR"}]}},"_links":{"self":[{"href":"https:\/\/varillon.com\/index.php?rest_route=\/wp\/v2\/pages\/1808","targetHints":{"allow":["GET"]}}],"collection":[{"href":"https:\/\/varillon.com\/index.php?rest_route=\/wp\/v2\/pages"}],"about":[{"href":"https:\/\/varillon.com\/index.php?rest_route=\/wp\/v2\/types\/page"}],"author":[{"embeddable":true,"href":"https:\/\/varillon.com\/index.php?rest_route=\/wp\/v2\/users\/1"}],"replies":[{"embeddable":true,"href":"https:\/\/varillon.com\/index.php?rest_route=%2Fwp%2Fv2%2Fcomments&post=1808"}],"version-history":[{"count":1,"href":"https:\/\/varillon.com\/index.php?rest_route=\/wp\/v2\/pages\/1808\/revisions"}],"predecessor-version":[{"id":1809,"href":"https:\/\/varillon.com\/index.php?rest_route=\/wp\/v2\/pages\/1808\/revisions\/1809"}],"wp:attachment":[{"href":"https:\/\/varillon.com\/index.php?rest_route=%2Fwp%2Fv2%2Fmedia&parent=1808"}],"curies":[{"name":"wp","href":"https:\/\/api.w.org\/{rel}","templated":true}]}}